{"id":850,"date":"2024-08-06T08:34:16","date_gmt":"2024-08-06T08:34:16","guid":{"rendered":"https:\/\/vaskafonds.lv\/?post_type=creation&#038;p=850"},"modified":"2024-08-06T08:34:16","modified_gmt":"2024-08-06T08:34:16","slug":"andris-dzenitis-4-stigu-kvartets-iekspus-elizijs-arpus","status":"publish","type":"creation","link":"https:\/\/vaskafonds.lv\/en\/jaundarbi\/andris-dzenitis-4-stigu-kvartets-iekspus-elizijs-arpus\/","title":{"rendered":"Andris Dzen\u012btis \u201c4. st\u012bgu kvartets. Iek\u0161pus. El\u012bzijs. \u0100rpus\u201d"},"content":{"rendered":"\n<p>Pirmo reizi atska\u0146ots koncert\u0101 \u201cP\u0113teris Vasks iel\u016bdz. Vasara. Me\u017eotne. St\u012bgu kvartets Akilone\u201c. Pirmatska\u0146ojum\u0101 piedal\u012bj\u0101s Magdal\u0113na Geka, El\u012bze De\u2013Bendelaka (<em>Elise De\u2013Bendelac<\/em>), Per\u012bne Gijemo\u2013Manka (<em>Perrine Guillemot\u2013Munck<\/em>) un Lis\u012b Merk\u0101 (<em>Lucie Mercat<\/em>).<\/p>\n","protected":false},"author":4,"featured_media":851,"menu_order":0,"template":"","meta":{"_acf_changed":true},"class_list":["post-850","creation","type-creation","status-publish","has-post-thumbnail","hentry"],"acf":[],"_links":{"self":[{"href":"https:\/\/vaskafonds.lv\/en\/wp-json\/wp\/v2\/creation\/850"}],"collection":[{"href":"https:\/\/vaskafonds.lv\/en\/wp-json\/wp\/v2\/creation"}],"about":[{"href":"https:\/\/vaskafonds.lv\/en\/wp-json\/wp\/v2\/types\/creation"}],"author":[{"embeddable":true,"href":"https:\/\/vaskafonds.lv\/en\/wp-json\/wp\/v2\/users\/4"}],"wp:featuredmedia":[{"embeddable":true,"href":"https:\/\/vaskafonds.lv\/en\/wp-json\/wp\/v2\/media\/851"}],"wp:attachment":[{"href":"https:\/\/vaskafonds.lv\/en\/wp-json\/wp\/v2\/media?parent=850"}],"curies":[{"name":"wp","href":"https:\/\/api.w.org\/{rel}","templated":true}]}}

Andris Dzenītis “4. stīgu kvartets. Iekšpus. Elīzijs. Ārpus”

<p>Pirmo reizi atskaņots koncertā “Pēteris Vasks ielūdz. Vasara. Mežotne. Stīgu kvartets Akilone“. Pirmatskaņojumā piedalījās Magdalēna Geka, Elīze De–Bendelaka (<em>Elise De–Bendelac</em>), Perīne Gijemo–Manka (<em>Perrine Guillemot–Munck</em>) un Lisī Merkā (<em>Lucie Mercat</em>).</p>
